isor of 126 and 186.
6
What is the greatest common divisor of 176 and 80?
16
Calculate the greatest common divisor of 22 and 1782.
22
What is the greatest common factor of 84 and 4494?
42
What is the greatest common factor of 819 and 351?
117
What is the highest common divisor of 18 and 963?
9
Calculate the highest common factor of 840 and 28.
28
Calculate the greatest common divisor of 144 and 376.
8
What is the highest common factor of 10 and 580?
10
What is the highest common divisor of 1750 and 70?
70
What is the greatest common divisor of 238 and 1274?
14
What is the highest common divisor of 125 and 50?
25
Calculate the highest common factor of 3010 and 910.
70
What is the highest common divisor of 4192 and 131?
131
Calculate the greatest common factor of 448 and 700.
28
Calculate the greatest common divisor of 42 and 17976.
42
What is the greatest common factor of 31 and 5363?
31
What is the greatest common factor of 36 and 36?
36
Calculate the highest common divisor of 1071 and 63.
63
Calculate the greatest common factor of 54 and 117.
9
What is the highest common factor of 232 and 48?
8
Calculate the greatest common factor of 4858 and 7.
7
What is the greatest common divisor of 342 and 252?
18
Calculate the highest common factor of 48 and 54.
6
Calculate the greatest common factor of 3303 and 162.
9
What is the highest common divisor of 84 and 588?
84
Calculate the greatest common factor of 6413 and 484.
121
What is the greatest common divisor of 7 and 175?
7
What is the greatest common factor of 4697 and 122?
61
Calculate the highest common divisor of 103 and 16789.
103
Calculate the highest common divisor of 6 and 3034.
2
Calculate the greatest common factor of 31225 and 25.
25
Calculate the highest common factor of 153 and 9.
9
What is the highest common divisor of 20730 and 30?
30
What is the highest common divisor of 90 and 1710?
90
Calculate the highest common divisor of 1360 and 850.
170
What is the highest common factor of 29 and 2407?
29
What is the highest common factor of 492 and 328?
164
Calculate the highest common divisor of 8 and 312.
8
What is the greatest common factor of 905 and 3439?
181
Calculate the greatest common factor of 24 and 40.
8
What is the highest common factor of 14 and 301?
7
Calculate the greatest common factor of 455 and 175.
35
What is the highest common divisor of 28 and 973?
7
Calculate the highest common divisor of 201 and 12.
3
What is the highest common divisor of 145 and 25?
5
Calculate the greatest common divisor of 46 and 23.
23
What is the highest common divisor of 14 and 1414?
14
What is the highest common factor of 400 and 32?
16
Calculate the greatest common divisor of 319 and 3074.
29
What is the highest common divisor of 360 and 936?
72
What is the highest common divisor of 90 and 30?
30
What is the highest common divisor of 387 and 86?
43
What is the highest common factor of 2077 and 155?
31
Calculate the highest common factor of 2405 and 910.
65
What is the highest common divisor of 85 and 391?
17
Calculate the highest common factor of 880 and 240.
80
What is the highest common divisor of 72 and 512?
8
Calculate the greatest common factor of 385 and 143.
11
Calculate the highest common divisor of 200 and 120.
40
Calculate the greatest common divisor of 46250 and 25.
25
What is the greatest common factor of 272 and 16?
16
What is the greatest common divisor of 805 and 100?
5
What is the greatest common divisor of 112 and 4228?
28
What is the highest common factor of 720 and 20?
20
Calculate the highest common factor of 15128 and 31.
31
Calculate the greatest common factor of 234 and 2223.
117
Calculate the greatest common factor of 50 and 30.
10
What is the greatest common factor of 13668 and 134?
134
What is the greatest common divisor of 9 and 5787?
9
Calculate the highest common factor of 173 and 2941.
173
Calculate the highest common divisor of 35 and 8435.
35
Calculate the greatest common divisor of 3 and 11.
1
What is the greatest common divisor of 12 and 2199?
3
Calculate the greatest common factor of 79 and 163.
1
Calculate the highest common divisor of 187 and 1.
1
Calculate the highest common divisor of 24 and 4296.
24
Calculate the greatest common divisor of 112 and 476.
28
Calculate the highest common factor of 440 and 640.
40
What is the greatest common factor of 3598 and 14?
14
Calculate the greatest common factor of 8 and 478.
2
Calculate the greatest common divisor of 981 and 1853.
109
What is the greatest common divisor of 32 and 896?
32
What is the greatest common divisor of 21 and 273?
21
What is the highest common divisor of 7472 and 16?
16
Calculate the greatest common factor of 42818 and 158.
158
What is the highest common divisor of 1739 and 518?
37
What is the highest common factor of 89 and 1157?
89
What is the highest common factor of 423 and 27?
9
Calculate the highest common factor of 800 and 75.
25
Calculate the greatest common factor of 60 and 108.
12
Calculate the highest common factor of 39 and 2067.
39
Calculate the highest common factor of 435 and 203.
29
What is the greatest common factor of 369 and 41?
41
Calculate the highest common factor of 637 and 182.
91
What is the highest common factor of 138 and 6946?
46
What is the greatest common divisor of 105 and 63?
21
What is the greatest common factor of 96 and 84?
12
Calculate the highest common factor of 1045 and 330.
55
Calculate the highest common factor of 968 and 128.
8
Calculate the greatest common divisor of 98 and 756.
14
What is the greatest common factor of 47 and 517?
47
Calculate the highest common factor of 6895 and 315.
35
Calculate the highest common factor of 9 and 1179.
9
What is the highest common factor of 4851 and 18?
9
What is the highest common factor of 140 and 100?
20
Calculate the greatest common divisor of 414 and 92.
46
Calculate the greatest common factor of 750 and 24.
6
Calculate the greatest common divisor of 6447 and 21.
21
What is the greatest common divisor of 100 and 80?
20
What is the highest common divisor of 2730 and 28?
14
Calculate the highest common divisor of 425 and 925.
25
What is the greatest common divisor of 18 and 54?
18
What is the highest common divisor of 969 and 204?
51
Calculate the highest common divisor of 1080 and 440.
40
What is the greatest common factor of 5576 and 4920?
328
Calculate the greatest common factor of 11 and 41316.
11
What is the greatest common divisor of 64 and 5152?
32
Calculate the greatest common divisor of 6 and 28.
2
What is the greatest common factor of 28 and 84?
28
Calculate the highest common divisor of 342 and 27.
9
What is the greatest common factor of 1054 and 34?
34
What is the greatest common factor of 1702 and 161?
23
What is the highest common factor of 40 and 305?
5
What is the highest common factor of 845 and 104?
13
What is the highest common factor of 504 and 5880?
168
What is the highest common divisor of 8392 and 8?
8
What is the highest common divisor of 88 and 121?
11
Calculate the greatest common factor of 219 and 949.
73
What is the highest common divisor of 33 and 143?
11
Calculate the greatest common factor of 225 and 10.
5
What is the highest common factor of 833 and 17?
17
What is the highest common factor of 1 and 829?
1
What is the highest common factor of 22 and 242?
22
What is the highest common factor of 620 and 20?
20
Calculate the highest common factor of 165 and 264.
33
Calculate the highest common divisor of 464 and 406.
58
Calculate the highest common factor of 104 and 80.
8
Calculate the highest common factor of 5260 and 15254.
526
Calculate the highest common factor of 371 and 189.
7
What is the greatest common divisor of 6216 and 111?
111
What is the greatest common factor of 96 and 384?
96
Calculate the greatest common factor of 43 and 25.
1
Calculate the highest common divisor of 8 and 5116.
4
Calculate the greatest common divisor of 54 and 5202.
18
Calculate the highest common divisor of 54 and 35118.
18
Calculate the highest common divisor of 15 and 355.
5
What is the highest common factor of 9158 and 38?
38
Calculate the greatest common factor of 856 and 4.
4
What is the highest common divisor of 101 and 1717?
101
Calculate the greatest common divisor of 22 and 388.
2
Calcula